 is q(10)?
-4
Suppose 57*u + 36 + 6 = 78*u. Let k(c) = -c**3 - 4*c**2 + 3*c - 1. Let s be k(-5). Let g be (u + 35/(-15))*s. Let o(i) = i - 1. What is o(g)?
-4
Let v(s) = 26*s**3 + 19*s**2 + 37*s + 70. Let q(m) = -10*m**3 - 7*m**2 - 12*m - 23. Let k(t) = 8*q(t) + 3*v(t). Determine k(-2).
16
Suppose 2*x = -5*h - 28, -50*x + 23 = -53*x + 2*h. Let o = 2 - -2. Let j(t) = -6 + 11*t - 5*t + o*t + t**2 + 18. Determine j(x).
3
Let v(n) = n + 2. Suppose 9*q - 30 + 12 = 0. Let c be 18*(6/q)/6. Let m = c + -11. Give v(m).
0
Let r(i) = 2610*i**2 - 7*i + 10156 - 10130 - 2611*i**2. Suppose 28 = -2*p + 6. Calculate r(p).
-18
Let t(c) be the second derivative of c**4/4 - 23*c**3/6 - 7*c**2 - 8821*c. Give t(7).
-28
Suppose -4*n = -k - 11629 + 11644, 0 = -5*k + 5*n + 30. Let t(p) = -p**2 + 10*p - 12. Determine t(k).
9
Let z = 635 - 651. Let d(r) = r**3 + 16*r**2 + 3*r + 33. What is d(z)?
-15
Suppose -5*x = -6*a - 138, 64 + 50 = 5*x - 3*a. Let f(q) = q**3 - 18*q**2 + 14*q - 247. What is f(x)?
5
Let u(j) = 43 - 2890*j - 2901*j + 5796*j. Determine u(-9).
-2
Let a(t) = -3*t**3 - 4*t**2 + 9*t - 24. Let d be a(-3). Let q(l) = l**2 + 7*l + 22. Give q(d).
16
Let q(g) be the first derivative of -g**2 - 18*g + 455. What is q(-13)?
8
Let h(c) be the third derivative of -c**6/60 + c**5/15 - c**4/6 + c**3/6 + 14*c**2 - 1. Let j be (-3 + -1)/((-72)/54). Determine h(j).
-29
Let p(t) = -t**3 - 8*t**2 + 10*t + 21. Let k be p(-9). Suppose -2*j - 2*c - 16 + 26 = 0, -k = -4*c. Let b(d) = 2*d**2 + 5*d - 1. Calculate b(j).
17
Suppose a - 45 = 2*f, -2*a - 96 = 5*f + a. Let p be (-6)/f - 5/35*-33. Let t(b) = b**2 - 7*b + 8. What is t(p)?
-2
Suppose 4 = -d + 2*d + b, 6*d = -2*b + 24. Suppose d*j = y - 7 + 5, 0 = -3*y - 3*j - 9. Let a(w) = w - 2. What is a(y)?
-4
Let x(n) be the first derivative of 4 + 1/3*n**3 - 9/2*n**2 + 3*n. Let f = 1 - -6. Calculate x(f).
-11
Let z(k) = -4*k - 4 - k**2 - 7*k - 2 - 2*k + 15*k. Calculate z(-5).
-41
Suppose -10 = -5*i, 16*k - 14*k - 18 = -4*i. Let f(v) = -3*v**2 + 2*v + 11. Give f(k).
-54
Let g(m) be the first derivative of 2*m**2 + 136*m - 1993. What is g(-33)?
4
Let j = -5 - -9. Let o(f) = -5*f + 2*f + 0*f + 5*f**2 + j*f. Let i be (7 + (7 - 13))*-1 + 2. Give o(i).
6
Let q(u) = 49 - 2*u - 111 + 22 + 42 - 7*u**2. Calculate q(1).
-7
Let o = -107 - -102. Let l(y) be the third derivative of y**6/240 + y**5/20 - y**4/12 + 8*y**2. Let x(s) be the second derivative of l(s). What is x(o)?
-9
Let r(y) = -4*y**2 + 3591*y + 3*y**2 - 33 + 3586*y - 7185*y. What is r(-7)?
-26
Let o be (6/(-9))/((-4)/(-12)*-1). Let u(d) = o - 7*d**3 + d**3 + 4*d**2 + 0 + 7*d**3. Determine u(-2).
10
Let l(n) = 9*n - 7. Let t be l(1). Let u be (2/4)/(1/t). Let k(i) be the second derivative of 5*i**3/6 + i**2/2 + 2*i. Determine k(u).
6
Let u = -4 + 1. Let q be -72*304/(-24) - 0. Let v(s) = 1819 + 4*s - q - 903. Give v(u).
-8
Let j = 60/23 + -697/276. Let m(p) be the second derivative of -1/2*p**2 - 1/4*p**5 - j*p**4 - 1/6*p**3 + 0 - 4*p. What is m(-1)?
4
Let x(h) = h**2 - 19*h - 39. Suppose v - 3*a + 4*a - 28 = 0, v - a = 14. Determine x(v).
3
Let z be -11 + (11 + 0 - (4 - -3)). Let m(t) = -1 + 8*t**2 + 6 + t**3 + 0 + t + 6*t. Calculate m(z).
5
Let t(i) = -i + 6. Let g(x) = x**3 - 3*x**2 - 11*x - 6. Let f be g(6). Suppose -11*b - b = -f. Let u(k) = 2*k**2 - 5*k + 2. Let j be u(b). Determine t(j).
1
Let c(p) be the second derivative of 1/3*p**4 + 2*p + p**3 - 3/2*p**2 - 1/20*p**5 - 1. Give c(5).
2
Let j(f) = 17*f - 2. Let k(t) = -74*t + 11. Let y(b) = -9*j(b) - 2*k(b). Suppose 2 = n - 2*n. Determine y(n).
6
Let m(v) = v**3 + 157*v**2 - 818*v - 1290. Let y be m(-162). Let q(p) be the first derivative of -p**2/2 - 5*p - 1. Give q(y).
-11
Let j(y) = -y**3 - 14*y**2 - 10*y + 17. Let p be j(-13). Let l = 24 + p. Suppose -35 + 5 = 4*k - b, l*k + 2*b = -10. Let o(i) = 2*i + 8. What is o(k)?
-6
Let f(l) = -l + 13. Let i(m) = m**3 - 10*m**2 - 2*m + 24. Let b be i(10). Suppose b*u - 11 - 1 = 0. Let k be 1*u*(-2 + 1) - -3. What is f(k)?
13
Let r(j) = 15*j**2 + 4*j - 105. Let v(s) = 3*s**2 + s - 20. Let l(p) = -2*r(p) + 11*v(p). What is l(-6)?
80
Suppose -3*f = -6*f + 15. Suppose 2*s - 22 = -f*h, -5*h - s = 4*s - 25. Let r(x) be the third derivative of -x**5/60 + x**4/4 - x**3/3 + 146*x**2. What is r(h)?
6
Let k = 697 + -701. Let l(c) = 2*c**3 + 9*c**2 + 6*c + 12. What is l(k)?
4
Let a(q) = -5*q**2 - 31*q + 23. Let u(d) = -7*d**2 - 39*d + 24. Let y(c) = 4*a(c) - 3*u(c). What is y(6)?
14
Let z(y) = -y**3 + 6*y**2 - 5*y + 4. Let w = -281 + 186. Let g = w + 100. Determine z(g).
4
Let k(q) = 3*q**2 - 5*q - 8. Let v(a) = -6*a**2 + 10*a + 17. Let d(l) = 5*k(l) + 2*v(l). Let t be d(3). Let r(f) = f**2 - 6*f - 6. Give r(t).
-6
Let h(u) = 10*u - 2*u - 5 - u + u**2. Suppose -16 = -3*g - 5*g. Suppose -3*r - 7 = -g*r. Calculate h(r).
-5
Let w(c) = 3400*c + 6797. Let d be w(-2). Let u(h) = -2 + h**2 - 4*h - 3*h**2 + 0*h**2. Determine u(d).
-8
Let d be (-1)/(4/(-164)) + -1. Let c(n) = d - 11 - 11 + 2*n - 9. What is c(-7)?
-5
Let a(s) = 2*s**2 + 2*s - 9. Suppose 4*h + 34 = -4*x + 10, x = -2*h - 6. Calculate a(h).
-9
Let d(h) = -h - 15. Let i = 436 + -432. What is d(i)?
-19
Let f(l) = 35*l**2 + 32*l + 115. Let a(s) = 99*s**2 + 97*s + 347. Let u(b) = 6*a(b) - 17*f(b). Give u(41).
4
Let d(f) = -14*f + 53. Let w = 4484 - 4480. Give d(w).
-3
Let x be (-23)/(-3) + (-4)/(-12). Let q(l) = 8 - l**2 - 3 - 2*l**2 - 6*l**2 + l**3 + l**2. Calculate q(x).
5
Let z(s) be the first derivative of 12*s**2 + 48*s + 13243. Give z(-2).
0
Let o be 1 - (-3)/(3/10). Let f = -13 + o. Let r(g) = -3*g**2 - g + 1. Let v(s) = -s**2 - s + 1. Let z(q) = f*v(q) + r(q). Give z(2).
-3
Let x(p) be the second derivative of 5*p**4/6 + 1792*p. Suppose -q = h - 1, 0*q - q = -2*h + 2. Determine x(h).
10
Suppose -22*o + 107 = 22*o - 113. Let m(d) = 2*d**2 - 1 - 3*d**2 + d**2 + d**2 - 6*d. Give m(o).
-6
Let o(p) = 18*p**3 + 3*p**2 + 10*p + 3. Let z(d) = 23*d**3 + 4*d**2 + 12*d + 4. Let v(t) = 5*o(t) - 4*z(t). Calculate v(-2).
7
Suppose -5 = -3*v - 7*a - 31, 2*v + 19 = -5*a. Let z(l) = l**2 - 4*l - 7. Calculate z(v).
-10
Let z(j) be the second derivative of -j**4/12 - 11*j**3/3 - 41*j**2 - 590*j. Give z(-5).
3
Let p(z) be the third derivative of -z**6/120 - z**5/20 + 7*z**4/24 + 4*z**3/3 - 17*z**2 - 86*z + 2. Calculate p(-3).
-13
Let p(b) = b + 3*b + 2*b. Suppose 13*v - 727 = 1470. Let u = 171 - v. Give p(u).
12
Let f(c) = -c**2 - 7*c - 3. Let n(h) be the first derivative of -13*h**2/2 + 332*h + 113. Let b be n(26). Give f(b).
3
Let t = -4 - 1. Suppose 3*l + 4 = -i, 0*l = 5*l - 4*i - 16. Let x = t - l. Let k(b) = b**2 + 6*b - 5. Calculate k(x).
-10
Let g(r) = -3*r + 30. Suppose 0 = 5*h + 3*q - 64, -2*h + 34 = -8*q + 5*q. Give g(h).
-12
Suppose 14*f = 16*f - 64. Suppose f = -4*n - 4*u, -3*n - 26 - 2 = 4*u. Let i(k) = k**3 + 4*k**2 + k - 3. Calculate i(n).
-7
Let v(u) = 2*u**2 - 40*u - 6. Suppose -c = 2*b - 41 + 6, 5*b - 85 = -3*c. Calculate v(b).
-6
Let k = 421 + -414. Let h(r) = -k + 12 - 8 + r**2 + 11 - 8*r. Determine h(6).
-4
Let j(v) be the third derivative of v**5/60 + 7*v**4/24 - 4*v**3/3 + v**2 - 318. Let r(b) = b**3 + 3*b**2 + 2*b - 2. Let k be r(-3). Determine j(k).
0
Let i(b) = 3*b + 2. Let k(f) = -129*f + 5296. Let q be k(41). Determine i(q).
23
Let j(h) = -25*h - 43. Let r(d) = -78*d - 130. Let s(x) = -7*j(x) + 2*r(x). Let g(k) = -12*k - 27. Let z(p) = -8*g(p) - 5*s(p). What is z(-12)?
-1
Let t(w) = 3*w**3 - 13*w**2 + 15*w - 132. Let n(r) = -2*r**3 + 9*r**2 - 10*r + 83. Let s(z) = -8*n(z) - 5*t(z). Let d be ((-12)/10)/((-1)/5). Determine s(d).
-10
Let n(h) = -31*h - 108. Let f be n(-4). Let o(z) = z**3 - 16*z**2 + 3*z - 2. What is o(f)?
46
Let r = 11024 - 11018. Let c(m) = 4*m - 10. Let i(k) = 3*k - 10. Let t(s) = 2*c(s) - 3*i(s). Calculate t(r).
4
Let c = -904 - -905. Suppose -4 = -4*p + 2*p. Let b(y) = -1 + y**2 + 7*y + 11*y**p - 7*y. Calculate b(c).
11
Let n(b) = -1009*b + 1007*b - 8 - 13 + 61. Give n(21).
-2
Let x(y) be the first derivative of 11*y**2 - 2*y + 498. Determine x(-1).
-24
Let s be ((-20)/(-12))/((-6)/(-90)). Suppose s = -x + 6*x. Let j(m) = -m + 2. What is j(x)?
-3
Let b(r) be the second derivative of r**4/6 - 5*r**3 + 39*r**2 + 39*r. Let z be b(11). Let m(w) = -w**3 - 9*w**2 + 9*w - 4. Give m(z).
6
Let t(a) be the first de